9)/6)/(n/(-576)). Calculate the highest common factor of 48 and u.
48
Let o be 1*-103 - (-4 - (-16)/4). Let c = o - -175. Calculate the greatest common divisor of 8 and c.
8
Let j be 0 - (-10*1)/(-4 - -6). Suppose 0*x = -6*x. Suppose 4*r - 346 = -2*t + 218, -j*t - 20 = x. Calculate the highest common divisor of 13 and r.
13
Let w be 60/(-8)*((-4)/5 + 0). Suppose -5*v + w*s - 5*s + 4377 = 0, -4*v - 4*s + 3492 = 0. What is the highest common factor of 35 and v?
35
Let m(n) = -14*n + 58. Let j be m(3). Let p = 24 - j. Calculate the greatest common factor of p and 116.
4
Let x be 482 + -8 - (-1 + 5). Suppose x = 5*f - 2*m - 1924, 4*m + 2388 = 5*f. Suppose -4*d = -7*d + f. What is the greatest common divisor of d and 20?
20
Suppose -14*a + 5544 = 1877 - 9073. What is the highest common divisor of a and 84?
14
Suppose -5*j + 252 = -3*o + 4*o, 0 = j + 2*o - 45. Let q = j + 21. Let m = -25 - -43. Calculate the highest common divisor of m and q.
18
Suppose 28*h = 22*h + 966. Let o = h + -151. What is the greatest common divisor of 80 and o?
10
Suppose 576 = 6*g + 348. Let q(y) = -2*y**2 + y + 1. Let h be q(-3). Let p be (-4)/h - (-284)/5. Calculate the highest common divisor of g and p.
19
Suppose -11870 - 7275 + 6035 = -230*o. Calculate the greatest common divisor of o and 1615.
19
Let p = -13377 + 13426. Suppose 2*n - 15 = -1. Calculate the greatest common divisor of p and n.
7
Suppose -3*n = 10 - 160. Suppose 10*h + 0*h - n = 0. Let t be 202/5 - (-2)/(-5). What is the highest common factor of h and t?
5
Let d = 164 + -153. Let i = -138 - -347. Calculate the highest common factor of d and i.
11
Let v(o) = -2*o**3 + 26*o**2 - 68*o - 40. Let d be v(6). Let j = 215 + -131. What is the highest common factor of d and j?
28
Let k(b) = b**2 - 8*b - 1163. Let h be k(40). What is the highest common factor of 63 and h?
9
Let n(g) = -13*g + 55. Let m be n(7). Let i be (3/(-9))/(1/m). Calculate the greatest common factor of 768 and i.
12
Suppose 5*l + 2055 = 4*p, -31*p + 26*p = 4*l - 2620. Let c = p + -492. Calculate the greatest common divisor of c and 7.
7
Suppose 8*c - 96 = 16*c. Let k be 5 + 22 - (-7)/(28/c). What is the highest common divisor of 348 and k?
12
Let l = 11448 - 11284. Calculate the greatest common divisor of 4428 and l.
164
Let g(s) = 3*s**2 - 30*s - 13. Let h be g(15). Let j = h - 107. Calculate the greatest common divisor of j and 30.
15
Suppose -o + 4*b - 4 = -b, 0 = -3*o - 2*b + 5. Let p(g) = 6*g - g - 4*g + 7 + 3. Let q be p(-9). What is the greatest common divisor of o and q?
1
Let j(z) = 9*z + 11. Let h(s) = -14*s - 16. Let p(w) = 5*h(w) + 8*j(w). Let b be p(6). What is the highest common factor of 36 and b?
4
Let m be (-48)/(-28) + 2/7. Suppose g + 2*r = -g - m, 7 = -3*g + r. Let t be (-28)/(-2) + g/1. Calculate the highest common factor of t and 3.
3
Let o(a) = 9*a + 105. Let v = 332 + -324. Let w be o(v). Calculate the highest common divisor of 59 and w.
59
Suppose -36*n = 99*n - 7695. Let v be 37*-1 - 2/(-1). Let q = v + n. Calculate the greatest common divisor of q and 33.
11
Suppose -14*r + 8978 = 8824. Suppose -m + 2 = -226. Let c = m + -129. What is the greatest common divisor of r and c?
11
Suppose 2*i - 847 = -i + 4*u, 0 = 2*i - 5*u - 560. Let b = -282 + i. Calculate the greatest common divisor of 501 and b.
3
Suppose -4*h = 4*t - 5124, -4*t - 3*h + 6827 = 1699. Calculate the highest common factor of t and 20.
5
Suppose -1950*j + 1949*j = -42. Calculate the greatest common divisor of 7 and j.
7
Let g(r) = -346*r + 4121. Let t be g(11). Suppose 2*f - 57 - 13 = 0. What is the highest common factor of t and f?
35
Let y = -203 + 368. Let v be (-2)/(-15) - (-6743)/y. Calculate the highest common divisor of v and 123.
41
Let h = -346 + 316. Let n be -5 + (-42)/(4 + h/5). What is the highest common factor of n and 496?
16
Suppose 4*v + 99 = h, 5*h = -8*v + 12*v + 431. Calculate the greatest common divisor of h and 12782.
83
Let u = -61 - -57. Let b be ((-1)/(-2))/(u*1/(-952)). Suppose 2*p - 297 - b = -4*a, -p = -a - 220. What is the highest common factor of p and 24?
24
Let c be (-1248)/(-8) + -4 + -20. Calculate the greatest common divisor of c and 231.
33
Let m(g) = g**3 + 8*g**2 - 38*g + 10. Let u be m(8). Let j = 791 - u. What is the greatest common factor of j and 183?
61
Suppose -v + 0*v = -j - 55, -5*v - 4*j + 275 = 0. Let h = -80229 - -80249. What is the highest common factor of v and h?
5
Suppose b = -5, 4*k - 3*b = -0*k + 827. What is the greatest common divisor of 377 and k?
29
Let t(y) = -56*y - 76. Let n be t(-21). Suppose 12*i = 160 + n. What is the highest common divisor of i and 60?
15
Let g = -2276 + 7031. Calculate the greatest common divisor of g and 45.
15
Let a be -590*((-554)/84 - -3 - 44/(-462)). What is the highest common factor of 70 and a?
35
Let y(h) = h**2 + 80*h + 1460. Let f be y(-15). What is the greatest common factor of 45 and f?
5
Let h(c) = -95*c + 20. Let u be h(-2). Let l = u - 194. What is the highest common factor of l and 640?
16
Let z = 277 + 80. Let s = 30 - -72. What is the greatest common factor of z and s?
51
Suppose 4*x - 3558 = -90*n + 88*n, 3*x - n = 2661. Calculate the greatest common divisor of x and 24.
24
Let l(j) = -j**2 - 29*j + 52. Let k be l(-17). Suppose -80*s + 76*s + k = 0. Calculate the greatest common divisor of 12 and s.
4
Let m be (4/8*-1)/((-58)/1972). Calculate the greatest common divisor of 2873 and m.
17
Let a = -22 + 30. Let x(c) = 0*c - c + 4*c + a + c**2. Let y be x(-3). What is the highest common divisor of y and 72?
8
Let y be (-84)/(-10) + (-2)/5. Let c(d) = 641*d - 6346. Let h be c(10). Calculate the greatest common factor of y and h.
8
Let n(u) = -256*u + 125. Let o be n(-16). Calculate the highest common divisor of 18 and o.
9
Let q be (-3)/(-6)*(2 + -2). Suppose 4*u = -7 - 9, -5*t - 2*u + 112 = q. Calculate the highest common divisor of 84 and t.
12
Let v = -43 + 17. Let d = 3 - v. Let x = d - 3. Calculate the greatest common factor of x and 65.
13
Let j(w) = -12*w**3 - 11 + 12*w - 40*w**2 + 11*w**3 + 50*w**2. Let v be j(7). Let c be -5*22*(-1)/5. Calculate the greatest common factor of c and v.
22
Suppose -10*u + 424 = -656. Let m be u*(24/9 - 2). Suppose 0 = 3*p - q - 3*q - 20, -4*p - 3*q = -60. What is the highest common factor of m and p?
12
Let s(x) = x**2 - 4*x + 15. Let o(j) = 29*j + 140. Let b be o(-5). Let g be s(b). Calculate the greatest common divisor of 80 and g.
20
Let n = -184 + 334. Let o be (-78)/(-12) - (-3)/(-6). Suppose -o*c + 0*c + n = 0. Calculate the highest common divisor of c and 100.
25
Let u be 1/4 + 6780/80. Suppose 2 = 3*d - 2*d. Let a be (15 + (4 - d))*1. What is the greatest common divisor of a and u?
17
Suppose 0*c + c = -5, -c + 31 = h. Suppose -20*l = -16 - 64. Calculate the highest common factor of l and h.
4
Let s(q) = -2*q**3 - 5*q**2 + 6*q - 5. Let j be s(-5). What is the highest common factor of 486 and j?
18
Let z = -1227 + 1245. Calculate the highest common factor of 45 and z.
9
Let d(a) = -28*a**2 - 5*a + 8. Let r(n) = -31*n**2 - 5*n + 8. Let t(y) = 6*d(y) - 7*r(y). Let l be t(3). What is the highest common factor of 56 and l?
56
Let y = 819 + -630. Suppose y*n - 184*n - 735 = 0. Calculate the highest common divisor of 3 and n.
3
Let w = 5749 + -5747. What is the highest common divisor of w and 729?
1
Suppose -1469*n + 168 = -1465*n - 4*b, 4*b - 48 = -2*n. What is the greatest common factor of 888 and n?
12
Let b be (-2)/((-2)/7) + -4 - (-1 - 5204). What is the greatest common divisor of b and 72?
24
Suppose -8*f + 6*f = 8. Let y be (f/(-3))/(10/45). Let z be (-15)/y*(12/10 + -2). Calculate the highest common factor of 2 and z.
2
Suppose 0 = 8*m + 7*m - 285. Suppose -m*g = -558 - 582. Calculate the greatest common factor of g and 15.
15
Suppose -c + 165 = -2*d, 2*c + 5*d + 0*d = 294. Let s = -147 + c. Calculate the greatest common divisor of s and 220.
10
Let t be (-2)/(-1 + 2 + (-10249)/10212). What is the highest common divisor of t and 115?
23
Let f be 2*-15*(-3)/18*-5. Let u be (-24)/(-8 + 14)*f. Calculate the highest common divisor of 10 and u.
10
Suppose 7*d + 3*f - 38 = 2*d, 3*d + 4*f - 25 = 0. Let n be 27 + (3 - (d + 1)). What is the greatest common factor of n and 11?
11
Let v = 155 + 406. Let j be 4/(-